5d5
What is 204203023 (base 5) in base 10?
850388
-3c9635 (base 14) to base 11
-120505a
-41267372 (base 8) to base 6
-511232414
What is -7acc74 (base 13) in base 16?
-2c737c
Convert -2130240122 (base 5) to base 12.
-162b405
What is 432b4 (base 13) in base 14?
322da
1b7167 (base 12) to base 14
ca423
11066186 (base 10) to base 2
101010001101101101001010
10000001101010010111000 (base 2) to base 8
20152270
-34643224 (base 7) to base 8
-13512420
Convert -25c15 (base 14) to base 12.
-45937
Convert -69047 (base 13) to base 2.
-101110101011011110
-14010332403 (base 5) to base 10
-17667853
What is -3b2b3 (base 12) in base 9?
-133880
4225410 (base 6) to base 9
343516
Convert 98367 (base 11) to base 7.
1133324
What is 151771 (base 8) in base 16?
d3f9
Convert -4413313300 (base 5) to base 6.
-535501510
What is -10001000000111111101110 (base 2) in base 5?
-2120214101
What is 111110101101000010 (base 2) in base 8?
765502
-12887180 (base 10) to base 9
-26221788
What is 22076 (base 15) in base 8?
323117
What is 1111220222200 (base 3) in base 6?
25133200
What is 415565 (base 8) in base 12?
67b05
What is -2409485 (base 12) in base 8?
-32507545
Convert b5818 (base 12) to base 9.
402312
-12040043 (base 5) to base 7
-644143
What is 200211000111 (base 3) in base 12?
15a3a1
Convert 11001000111101001001000 (base 2) to base 10.
6584904
What is 6451630 (base 10) in base 15?
8768da
Convert -1cc9 (base 13) to base 3.
-20000121
What is 12755 (base 14) in base 7?
246135
Convert 3311211102 (base 4) to base 15.
14d0a6
What is -1307782 (base 10) in base 2?
-100111111010010000110
What is -4233476 (base 10) in base 8?
-20114404
-22957 (base 16) to base 4
-202211113
What is 67430b (base 13) in base 16?
252f7f
-11088 (base 15) to base 7
-313544
What is 16205 (base 9) in base 13?
5090
Convert 315131103 (base 6) to base 12.
1a43a93
Convert 10653325 (base 7) to base 11.
590470
-52540121 (base 7) to base 10
-4446716
Convert 13a601a (base 11) to base 16.
24c2ab
What is -1353103 (base 6) in base 10?
-77151
1208886 (base 9) to base 11
408a32
Convert -12214332 (base 5) to base 6.
-2300534
-2200020221 (base 4) to base 3
-1020022202002
-6655204 (base 8) to base 3
-10101002001020
Convert -1001000101100110110 (base 2) to base 14.
-7a742
11110011111111100 (base 2) to base 16
1e7fc
Convert -1053cf (base 16) to base 14.
-1dbd4b
Convert 111103101 (base 4) to base 3.
11102200110
What is -122011210010 (base 3) in base 8?
-1224261
What is 4532118 (base 9) in base 6?
124202412
Convert -783a83 (base 11) to base 8.
-4610763
4a2b (base 16) to base 13
8847
What is 1e441 (base 16) in base 5?
12431334
Convert -898985 (base 10) to base 14.
-195893
Convert -146584 (base 13) to base 5.
-111442142
What is -1212001122022 (base 3) in base 11?
-61333a
Convert 1021143201 (base 5) to base 3.
11000021020211
Convert -1203322131 (base 4) to base 11.
-25a521
3001425 (base 7) to base 16
564e1
Convert 2002022221221 (base 3) to base 14.
20c108
What is -22406567 (base 9) in base 16?
-a5dc60
What is -ad37d (base 14) in base 8?
-1465263
Convert -4140212 (base 5) to base 7.
-402532
-12092 (base 11) to base 7
-101512
c7be (base 16) to base 3
2121010212
-32221122311 (base 4) to base 7
-44431241
What is -42412232 (base 5) in base 2?
-1010111001101001000
What is 2562522 (base 7) in base 14?
89d82
What is 523424311 (base 6) in base 15?
c05e4a
What is 2d41 (base 14) in base 5?
224333
-4320220 (base 5) to base 13
-27408
What is -490522 (base 13) in base 3?
-10021120002001
What is -477122 (base 8) in base 11?
-101855
Convert 302223124 (base 5) to base 9.
2245208
Convert 10222411221 (base 5) to base 8.
50777446
What is -19693a5 (base 12) in base 8?
-24360355
What is -1751e (base 15) in base 2?
-10010011010001100
-120102110120 (base 3) to base 11
-198113
Convert -1210c66 (base 13) to base 7.
-65412505
Convert -29591 (base 14) to base 8.
-310353
What is 1922952 (base 10) in base 6?
105114320
Convert 1572011 (base 8) to base 7.
3605353
Convert -219015 (base 10) to base 8.
-653607
Convert 24616626 (base 7) to base 14.
41c34d
What is 2313112112 (base 4) in base 12?
302732
58ca0 (base 15) to base 16
4515f
What is -1796737 (base 10) in base 7?
-21162205
What is 110000010011011101111 (base 2) in base 12?
643ba7
2001222033 (base 5) to base 7
45254454
Convert -13a9d1 (base 14) to base 13.
-1ab82b
Convert -100111111110101010010 (base 2) to base 11.
-815280
75e80 (base 15) to base 9
630663
-4618706 (base 9) to base 3
-11200122210020
Convert 66250220 (base 7) to base 12.
1aa65ab
Convert -101001010100010001 (base 2) to base 16.
-29511
What is 112120210010001 (base 3) in base 11?
4414331
93a6d (base 16) to base 13
182378
31011241 (base 5) to base 16
3d3c5
What is -285219 (base 14) in base 9?
-2558425
-2320212331 (base 4) to base 9
-1372224
-11313200330 (base 4) to base 11
-960670
-11111000111110101000001 (base 2) to base 12
-2895455
What is 151164 (base 8) in base 6?
1053232
What is -15343352 (base 9) in base 15?
-a10762
99f272 (base 16) to base 6
1000124402
70555 (base 9) to base 2
1011010100101110
Convert 100111010111110 (base 2) to base 4.
10322332
-69352 (base 11) to base 8
-303625
What is -201031330 (base 4) in base 3?
-20220122021
-4150581 (base 9) to base 8
-10354160
-111042244 (base 5) to base 15
-9954e
What is 34300240 (base 5) in base 9?
516165
What is 22612a (base 11) in base 9?
607150
What is -4211244121 (base 5) in base 14?
-1225550
Convert 126031100 (base 7) to base 5.
4040003001
2812c (base 13) to base 7
431245
What is f229 (base 16) in base 10?
61993
-1323314 (base 9) to base 7
-6104143
Convert 1023245 (base 8) to base 4.
1002122211
Convert 403244 (base 5) to base 16.
3295
-889670 (base 10) to base 15
-128915
3012102 (base 5) to base 8
135241
2654353 (base 7) to base 16
55606
-2003320313 (base 4) to base 10
-540215
40023045 (base 7) to base 13
8b70ac
What is -1417304 (base 8) in base 3?
-202101012021
What is 1044449 (base 10) in base 6?
34215225
What is -30031230 (base 5) in base 13?
-83809
Convert -1120012002112 (base 3) to base 13.
-230c7b
-101040302 (base 5) to base 14
-a8dbd
Convert 19349 (base 12) to base 13.
13980
What is 264a11 (base 11) in base 14?
abad8
What is 1425893 (base 11) in base 14?
47bc20
-1a687a (base 11) to base 12
-1331b2
-23300022311 (base 4) to base 3
-12210112011212
28b1ba (base 13) to base 2
11110011000011101011
What is -1130222031 (base 4) in base 9?
-637553
Convert 97974 (base 10) to base 3.
11222101200
-352254454 (base 6) to base 16
-640522
Convert -1750830 (base 10) to base 14.
-3380b4
What is -3023022330 (base 4) in base 7?
-10034130
-409e3 (base 15) to base 11
-12a906
What is 1211313230 (base 4) in base 14?
ac0c4
Convert 11011210101000 (base 3) to base 8.
10360053
What is -3220053 (base 6) in base 15?
-31cd0
4412314 (base 6) to base 3
102011012101
13981a (base 15) to base 5
220142300
50538 (base 10) to base 6
1025550
32502111 (base 6) to base 2
11101101011010111011
Convert 12413131 (base 5) to base 9.
206543
-21552431 (base 6) to base 7
-5355166
-3102414 (base 5) to base 12
-25187
What is 11333233144 (base 5) in base 10?
13180424
Convert -100101110010010001011 (base 2) to base 12.
-4b8637
What is 588586 (base 9) in base 8?
1263400
What is -83435 (base 10) in base 12?
-4034b
-3792a5 (base 11) to base 5
-123113401
-2243313 (base 5) to base 7
-225645
Convert -28276 (base 16) to base 9.
-270544
40cc1 (base 14) to base 3
21221020122
Convert -4011770 (base 10) to base 3.
-21112211010002
Convert -2991 (base 12) to base 2.
-1001011111101
-79ae1 (base 16) to base 8
-1715341
What is 93452 (base 11) in base 13?
4a06b
Convert 102221200011010 (base 3) to base 10.
6351159
4e6229 (base 16) to base 12
1878921
-101751 (base 10) to base 9
-164516
What is -24334211 (base 5) in base 9?
-381233
What is -162c662 (base 13) in base 12?
-248354b
-2271841 (base 9) to base 2
-100101011111000100001
What is -137502 (base 9) in base 6?
-1450002
What is -288442 (base 11) in base 9?
-755753
15b54 (base 12) to base 2
111100100110000
What is -12210120221 (base 4) in base 2?
-110100100011000101001
20102212122 (base 3) to base 6
2414455
What is -300412444 (base 5) in base 7?
-13034621
What is 725360 (base 9) in base 6?
13120343
Convert -180550 (base 13) to base 6.
-20512551
What is -1651253 (base 7) in base 6?
-4541155
bc03 (base 15)